{"id":258,"date":"2023-02-18T16:13:56","date_gmt":"2023-02-18T13:13:56","guid":{"rendered":"http:\/\/www.asuatun.com\/?page_id=258"},"modified":"2023-02-19T20:00:47","modified_gmt":"2023-02-19T17:00:47","slug":"duygusal-iliskinin-bittigini-kabul-edememek","status":"publish","type":"page","link":"https:\/\/www.asuatun.com\/index.php\/duygusal-iliskinin-bittigini-kabul-edememek\/","title":{"rendered":"Duygusal ili\u015fkinin bitti\u011fini kabul edememek"},"content":{"rendered":"\n<p class=\"has-text-align-right has-x-large-font-size\"><a href=\"https:\/\/www.asuatun.com\/index.php\/yazilar\/\" data-type=\"URL\" data-id=\"https:\/\/www.asuatun.com\/index.php\/yazilar\/\">\u2190<\/a><\/p>\n\n\n\n<p>\u0130li\u015fkinin bitmi\u015f oldu\u011fuyla y\u00fczle\u015fmemek ad\u0131na ilgisiz davran\u0131\u015flara sabretti\u011fimizi mi zannediyoruz yoksa ger\u00e7ekten partnerimiz zor bir d\u00f6nemden ge\u00e7iyor ve beklemek mi zorunday\u0131z?&nbsp;&nbsp;&nbsp;&nbsp;&nbsp;&nbsp;&nbsp;<\/p>\n\n\n\n<p>Bir ili\u015fkiye, e\u011fer sa\u011fl\u0131kl\u0131 bir duygu durumu i\u00e7erisindeysek, bitece\u011fini d\u00fc\u015f\u00fcnerek ba\u015flamay\u0131z. Kad\u0131nlar, ikili ili\u015fkilerine ba\u015flarken fiziksel \u00e7ekimden \u00e7ok bir olu\u015fuma ait olma duygusuna odaklan\u0131rken, erkekler ise fiziksel \u00e7ekime ve bu \u00e7ekimin getirdi\u011fi heyecana kap\u0131lmay\u0131 tercih edebiliyorlar. Tabii ki bu bir genel kan\u0131 oldu\u011fu gibi, \u00e7ok daha ciddi boyutta ba\u015flayan ili\u015fkiler veya g\u00f6r\u00fcc\u00fc usul\u00fc yap\u0131lan evlilikler de var ve bunlar da kendi i\u00e7lerinde olduk\u00e7a sa\u011fl\u0131kl\u0131 olabiliyorlar.<\/p>\n\n\n\n<p>\u0130li\u015fkiye \u00e7ok h\u0131zl\u0131 bir \u015fekilde giri\u015f yapt\u0131n\u0131z, \u00e7ok h\u0131zl\u0131 bir \u015fekilde geli\u015fti ve siz daha ne oldu\u011funu anlayamadan partnerinizde farkl\u0131l\u0131klar g\u00f6rmeye ba\u015flad\u0131n\u0131z. Aramamaya, g\u00f6r\u00fc\u015fmek istememeye ba\u015flad\u0131. Siz \u00fczerine d\u00fc\u015ft\u00fck\u00e7e daha da ka\u00e7maya ba\u015flad\u0131. S\u00fcrekli olarak ya \u00e7ok yo\u011fun ya da morali bozuk oldu, maddi veya manevi s\u0131k\u0131nt\u0131lar \u00f6ne s\u00fcrd\u00fc. Siz onu aramaya devam ettiniz. Kendi kendinize \u201csevgilim zor zamanlar ge\u00e7iriyor, anlay\u0131\u015fl\u0131 ve sab\u0131rl\u0131 olmam laz\u0131m\u201d gibi c\u00fcmleler kurmaya ba\u015flad\u0131n\u0131z. Evet sab\u0131r bir ya\u015fam dersidir, bir s\u0131navd\u0131r ve ki\u015finin olgunla\u015fmas\u0131 i\u00e7in, Mevlana\u2019n\u0131n dedi\u011finden \u2018pi\u015fmesi\u2019 i\u00e7in en \u00f6nemli s\u00fcre\u00e7lerden bir tanesidir. Sabretmek kadar ba\u015fka \u00f6nemli bir konu da neye ne kadar sabretmemiz gerekti\u011fine d\u00fczg\u00fcn bir \u015fekilde karar verebilmektir asl\u0131nda.<\/p>\n\n\n\n<p>E\u011fer ili\u015fkinin bitmi\u015f oldu\u011fuyla y\u00fczle\u015fmemek ad\u0131na ilgisiz davran\u0131\u015flara sabretti\u011fimizi zannediyorsak bu \u00e7ok b\u00fcy\u00fck bir zaman kayb\u0131 olabilir. Bu s\u00fcrecin sonras\u0131nda ise bir ki\u015fi i\u00e7in bu kadar fazla zaman harcand\u0131\u011f\u0131ndan dolay\u0131 \u00e7ok b\u00fcy\u00fck pi\u015fmanl\u0131klara, ki\u015finin kendi kendini su\u00e7lamas\u0131na sebebiyet verebilir. Bitmi\u015f bir ili\u015fkinin i\u00e7erisinde kalma arzusu kendimizi de\u011fersiz veya g\u00fc\u00e7s\u00fcz hissetmemizden kaynaklanmaktad\u0131r. Ki\u015fi e\u011fer kendi kendisine k\u0131ymet vermezse \u015fahs\u0131na yap\u0131lan t\u00fcm sayg\u0131s\u0131zl\u0131klara boyun e\u011fmeye meyilli olacakt\u0131r. Bu da bir k\u0131s\u0131r d\u00f6ng\u00fc yaratacak, kendini daha da de\u011fersiz hissetmesine sebebiyet verecektir. S\u00fcrekli olarak kar\u015f\u0131 taraf\u0131 siz ar\u0131yorsan\u0131z, aramak i\u00e7in de her seferinde bir bahane yaratmak zorunda kal\u0131yorsan\u0131z, sizi hi\u00e7 aram\u0131yor sormuyorsa bu ili\u015fkinin varl\u0131\u011f\u0131n\u0131 tekrar bir d\u00fc\u015f\u00fcn\u00fcn derim. Kendini yaln\u0131z veya ilgisiz hissetti\u011fi zaman sizi aramas\u0131, aran\u0131zda duygusal bir ili\u015fkinin oldu\u011fu anlam\u0131na gelmez. Birbirinizin ne kadar hayat\u0131ndas\u0131n\u0131z? sizinle birlikte ne kadar fazla zaman ge\u00e7irmek istiyor? Varl\u0131\u011f\u0131n\u0131z\u0131n ne kadar fark\u0131nda? Bu sorular\u0131 cesurca kendi kendimize cevaplayam\u0131yorsak asl\u0131nda sa\u011fl\u0131kl\u0131 bir ili\u015fkimiz yok demektir. E\u011fer sizin kendi kendinize sayg\u0131n\u0131z yoksa, onun yapm\u0131\u015f oldu\u011fu ilgisiz veya d\u00fc\u015f\u00fcncesiz davran\u0131\u015flar\u0131 kabul etme meylinde olursunuz. Sizin ona kar\u015f\u0131 olan tutumunuz asl\u0131nda onun size kar\u015f\u0131 olan davran\u0131\u015flar\u0131n\u0131 belirleyecektir. Kendimize sormam\u0131z gereken bir \u00f6nemli soru da neden sayg\u0131s\u0131z veya ilgisiz davranmas\u0131na izin verdi\u011fimizdir. Neden ba\u015fkalar\u0131n\u0131n bize sayg\u0131s\u0131zca davranmas\u0131na izin veriyoruz? Bizler birer k\u00fc\u00e7\u00fck \u00e7ocukken ebeveynlerimiz taraf\u0131ndan ilgisiz ve sevgisiz b\u0131rak\u0131ld\u0131\u011f\u0131m\u0131z zaman onlardan sevgi alabilmek ad\u0131na y\u0131\u011f\u0131nla tavizler vermeye, ruhsal veya fiziksel \u015fiddete maruz kalsak dahi k\u00fc\u00e7\u00fcc\u00fck de olsa bizi sevmeleri ad\u0131na her t\u00fcrl\u00fc sa\u011fl\u0131ks\u0131z davran\u0131\u015f\u0131 sineye \u00e7ekmeyi g\u00f6ze almay\u0131 \u00f6\u011freniyoruz. Bu davran\u0131\u015flar maalesef \u00f6zellikle ikili ili\u015fkilerimize de yans\u0131yor. \u0130stenmedi\u011fimiz, ger\u00e7ek anlamda sevilmedi\u011fimiz ortamlarda s\u0131rf k\u00fc\u00e7\u00fcc\u00fck de olsa de\u011fer bulmak ad\u0131na kalmaya, bir \u015feylere tutunmaya \u00e7al\u0131\u015f\u0131yoruz. Evet biliyorum, bunlar\u0131 okumak dahi sizlere ac\u0131 verebilir. Bir kez y\u00fczle\u015fti\u011finiz zaman asl\u0131nda ne kadar k\u0131ymetli oldu\u011funuzu anlamaya ba\u015flayacaks\u0131n\u0131z. Ve belki de hayat\u0131n\u0131z\u0131n en \u00f6zel insan\u0131n\u0131 kar\u015f\u0131n\u0131zda bulacaks\u0131n\u0131z. Siz kendinizi sevmezseniz ve kendinize de\u011fer vermezseniz, her t\u00fcrl\u00fc sayg\u0131s\u0131zl\u0131\u011fa veya ilgisizli\u011fe maruz kald\u0131\u011f\u0131n\u0131z zaman bunu sineye \u00e7ekersiniz ve hayat\u0131n\u0131z ve zaman\u0131n\u0131z bo\u015fu bo\u015funa ak\u0131p gider. Auster\u2019in dedi\u011fi gibi \u201c\u0130nsanlar asla s\u00f6yledikleri kadar me\u015fgul de\u011fillerdir. \u0130nsanlar\u0131n \u00f6ncelikleri vard\u0131r ve bazen s\u0131ra size gelmez\u201d. Her zaman mutlu olman\u0131z dile\u011fiyle.<\/p>\n\n\n\n<p class=\"has-text-align-right\"><strong><a href=\"http:\/\/www.asuatun.com\" data-type=\"URL\" data-id=\"http:\/\/www.asuatun.com\">Ana Sayfa<\/a><\/strong><\/p>\n","protected":false},"excerpt":{"rendered":"<p>\u2190 \u0130li\u015fkinin bitmi\u015f oldu\u011fuyla y\u00fczle\u015fmemek ad\u0131na ilgisiz davran\u0131\u015flara sabretti\u011fimizi mi zannediyoruz yoksa ger\u00e7ekten partnerimiz zor bir d\u00f6nemden ge\u00e7iyor ve beklemek mi zorunday\u0131z?&nbsp;&nbsp;&nbsp;&nbsp;&nbsp;&nbsp;&nbsp; Bir ili\u015fkiye, e\u011fer sa\u011fl\u0131kl\u0131 bir duygu durumu i\u00e7erisindeysek, bitece\u011fini d\u00fc\u015f\u00fcnerek ba\u015flamay\u0131z. Kad\u0131nlar, ikili ili\u015fkilerine ba\u015flarken fiziksel \u00e7ekimden \u00e7ok bir olu\u015fuma ait olma duygusuna odaklan\u0131rken, erkekler ise fiziksel \u00e7ekime ve bu \u00e7ekimin getirdi\u011fi heyecana [&hellip;]<\/p>\n","protected":false},"author":1,"featured_media":0,"parent":0,"menu_order":0,"comment_status":"closed","ping_status":"closed","template":"","meta":{"footnotes":""},"class_list":["post-258","page","type-page","status-publish","hentry"],"_links":{"self":[{"href":"https:\/\/www.asuatun.com\/index.php\/wp-json\/wp\/v2\/pages\/258","targetHints":{"allow":["GET"]}}],"collection":[{"href":"https:\/\/www.asuatun.com\/index.php\/wp-json\/wp\/v2\/pages"}],"about":[{"href":"https:\/\/www.asuatun.com\/index.php\/wp-json\/wp\/v2\/types\/page"}],"author":[{"embeddable":true,"href":"https:\/\/www.asuatun.com\/index.php\/wp-json\/wp\/v2\/users\/1"}],"replies":[{"embeddable":true,"href":"https:\/\/www.asuatun.com\/index.php\/wp-json\/wp\/v2\/comments?post=258"}],"version-history":[{"count":2,"href":"https:\/\/www.asuatun.com\/index.php\/wp-json\/wp\/v2\/pages\/258\/revisions"}],"predecessor-version":[{"id":316,"href":"https:\/\/www.asuatun.com\/index.php\/wp-json\/wp\/v2\/pages\/258\/revisions\/316"}],"wp:attachment":[{"href":"https:\/\/www.asuatun.com\/index.php\/wp-json\/wp\/v2\/media?parent=258"}],"curies":[{"name":"wp","href":"https:\/\/api.w.org\/{rel}","templated":true}]}}