{"id":128,"date":"2023-02-14T12:56:12","date_gmt":"2023-02-14T09:56:12","guid":{"rendered":"http:\/\/www.asuatun.com\/?page_id=128"},"modified":"2023-02-18T20:47:02","modified_gmt":"2023-02-18T17:47:02","slug":"basinda","status":"publish","type":"page","link":"https:\/\/www.asuatun.com\/index.php\/basinda\/","title":{"rendered":"Bas\u0131nda"},"content":{"rendered":"\n<p class=\"has-text-align-right has-medium-font-size\"><a href=\"http:\/\/www.asuatun.com\" data-type=\"URL\" data-id=\"http:\/\/www.asuatun.com\">Ana Sayfa<\/a><\/p>\n\n\n\n<figure class=\"wp-block-embed is-type-wp-embed is-provider-havadis-gazetesi-kibris-haber wp-block-embed-havadis-gazetesi-kibris-haber\"><div class=\"wp-block-embed__wrapper\">\nhttps:\/\/www.havadiskibris.com\/sefkat-ve-empati-gelistirin\/\n<\/div><\/figure>\n\n\n\n<figure class=\"wp-block-image size-full is-resized\"><img loading=\"lazy\" decoding=\"async\" src=\"https:\/\/www.asuatun.com\/wp-content\/uploads\/2023\/02\/Screenshot_19.png\" alt=\"\" class=\"wp-image-286\" width=\"589\" height=\"419\" srcset=\"https:\/\/www.asuatun.com\/wp-content\/uploads\/2023\/02\/Screenshot_19.png 754w, https:\/\/www.asuatun.com\/wp-content\/uploads\/2023\/02\/Screenshot_19-300x213.png 300w\" sizes=\"auto, (max-width: 589px) 100vw, 589px\" \/><\/figure>\n\n\n\n<p class=\"has-link-color wp-elements-13eb200f5282587ee82309a477c2b9d6\"><a href=\"http:\/\/www.kibris724.com\/Asu-Atun-haberleri.htm\" data-type=\"URL\" data-id=\"http:\/\/www.kibris724.com\/Asu-Atun-haberleri.htm\">&#8220;Had\u0131m Yasas\u0131 \u00c7\u0131kar\u0131ls\u0131n&#8221;<\/a><\/p>\n\n\n\n<figure class=\"wp-block-image size-large is-resized\"><img loading=\"lazy\" decoding=\"async\" src=\"https:\/\/www.asuatun.com\/wp-content\/uploads\/2023\/02\/Screenshot_20-1024x831.png\" alt=\"\" class=\"wp-image-288\" width=\"566\" height=\"459\" srcset=\"https:\/\/www.asuatun.com\/wp-content\/uploads\/2023\/02\/Screenshot_20-1024x831.png 1024w, https:\/\/www.asuatun.com\/wp-content\/uploads\/2023\/02\/Screenshot_20-300x243.png 300w, https:\/\/www.asuatun.com\/wp-content\/uploads\/2023\/02\/Screenshot_20-768x623.png 768w, https:\/\/www.asuatun.com\/wp-content\/uploads\/2023\/02\/Screenshot_20.png 1050w\" sizes=\"auto, (max-width: 566px) 100vw, 566px\" \/><\/figure>\n\n\n\n<p class=\"has-link-color wp-elements-40b8251be6915c196ca90ebd408a39c8\"><a href=\"https:\/\/www.diyaloggazetesi.com\/kibris\/asu-atun-bitirmeden-once-dusunun-h32175.html\" data-type=\"URL\" data-id=\"https:\/\/www.diyaloggazetesi.com\/kibris\/asu-atun-bitirmeden-once-dusunun-h32175.html\">Asu Atun: &#8220;Bitirmeden \u00f6nce d\u00fc\u015f\u00fcn\u00fcn&#8221;<\/a><\/p>\n\n\n\n<figure class=\"wp-block-image size-full is-resized\"><img loading=\"lazy\" decoding=\"async\" src=\"https:\/\/www.asuatun.com\/wp-content\/uploads\/2023\/02\/download.jpg\" alt=\"\" class=\"wp-image-291\" width=\"568\" height=\"228\" srcset=\"https:\/\/www.asuatun.com\/wp-content\/uploads\/2023\/02\/download.jpg 354w, https:\/\/www.asuatun.com\/wp-content\/uploads\/2023\/02\/download-300x120.jpg 300w\" sizes=\"auto, (max-width: 568px) 100vw, 568px\" \/><\/figure>\n\n\n\n<p class=\"has-link-color wp-elements-36253cffc48682e4413df26af534a6b3\"><a href=\"https:\/\/www.google.com.tr\/imgres?imgurl=https:\/\/lookaside.fbsbx.com\/lookaside\/crawler\/media\/?media_id%3D370144779793085&amp;imgrefurl=https:\/\/m.facebook.com\/genctvkibris\/photos\/naci-bayramo%25C4%259Flunun-haz%25C4%25B1rlay%25C4%25B1p-sundu%25C4%259Fu-sa%25C3%25A7-hayat-devam-ediyorkonuk-psikolog-asu-a\/370144779793085\/&amp;tbnid=6-etVmU4k-KxaM&amp;vet=1&amp;docid=_F4etwvgWTexPM&amp;w=1190&amp;h=479&amp;source=sh\/x\/im\" data-type=\"URL\" data-id=\"https:\/\/www.google.com.tr\/imgres?imgurl=https:\/\/lookaside.fbsbx.com\/lookaside\/crawler\/media\/?media_id%3D370144779793085&amp;imgrefurl=https:\/\/m.facebook.com\/genctvkibris\/photos\/naci-bayramo%25C4%259Flunun-haz%25C4%25B1rlay%25C4%25B1p-sundu%25C4%259Fu-sa%25C3%25A7-hayat-devam-ediyorkonuk-psikolog-asu-a\/370144779793085\/&amp;tbnid=6-etVmU4k-KxaM&amp;vet=1&amp;docid=_F4etwvgWTexPM&amp;w=1190&amp;h=479&amp;source=sh\/x\/im\">K\u0131br\u0131s Gen\u00e7 TV &#8211; Naci BAYRAMO\u011eLU&#8217;nun haz\u0131rlay\u0131p sundu\u011fu SA\u00c7 HAYAT devam ediyor.. KONUK : Psikolog Asu ATUN | Facebook<\/a><\/p>\n\n\n\n<figure class=\"wp-block-embed is-type-video is-provider-youtube wp-block-embed-youtube wp-embed-aspect-16-9 wp-has-aspect-ratio\"><div class=\"wp-block-embed__wrapper\">\n<iframe loading=\"lazy\" title=\"G\u00dcNE MERHABA 18 06 2015 ASU ATUN \u00c7\u0130\u011eDEM AYDIN\" width=\"500\" height=\"281\" src=\"https:\/\/www.youtube.com\/embed\/FmtmMN9tGNw?feature=oembed\" frameborder=\"0\" allow=\"accelerometer; autoplay; clipboard-write; encrypted-media; gyroscope; picture-in-picture; web-share\" referrerpolicy=\"strict-origin-when-cross-origin\" allowfullscreen><\/iframe>\n<\/div><\/figure>\n\n\n\n<figure class=\"wp-block-embed is-type-video is-provider-youtube wp-block-embed-youtube wp-embed-aspect-16-9 wp-has-aspect-ratio\"><div class=\"wp-block-embed__wrapper\">\n<iframe loading=\"lazy\" title=\"G\u00dcNE MERHABA 12 06 2015 ASU ATUN \u00c7\u0130\u011eDEM AYDIN\" width=\"500\" height=\"281\" src=\"https:\/\/www.youtube.com\/embed\/gAFA-clXluM?feature=oembed\" frameborder=\"0\" allow=\"accelerometer; autoplay; clipboard-write; encrypted-media; gyroscope; picture-in-picture; web-share\" referrerpolicy=\"strict-origin-when-cross-origin\" allowfullscreen><\/iframe>\n<\/div><\/figure>\n\n\n\n<figure class=\"wp-block-embed is-type-video is-provider-youtube wp-block-embed-youtube wp-embed-aspect-4-3 wp-has-aspect-ratio\"><div class=\"wp-block-embed__wrapper\">\n<iframe loading=\"lazy\" title=\"Sa\u00e7 &amp; Hayat  (naci bayramo\u011flu - asu atun )\" width=\"500\" height=\"375\" src=\"https:\/\/www.youtube.com\/embed\/D04t4GRINfc?feature=oembed\" frameborder=\"0\" allow=\"accelerometer; autoplay; clipboard-write; encrypted-media; gyroscope; picture-in-picture; web-share\" referrerpolicy=\"strict-origin-when-cross-origin\" allowfullscreen><\/iframe>\n<\/div><\/figure>\n","protected":false},"excerpt":{"rendered":"<p>Ana Sayfa &#8220;Had\u0131m Yasas\u0131 \u00c7\u0131kar\u0131ls\u0131n&#8221; Asu Atun: &#8220;Bitirmeden \u00f6nce d\u00fc\u015f\u00fcn\u00fcn&#8221; K\u0131br\u0131s Gen\u00e7 TV &#8211; Naci BAYRAMO\u011eLU&#8217;nun haz\u0131rlay\u0131p sundu\u011fu SA\u00c7 HAYAT devam ediyor.. KONUK : Psikolog Asu ATUN | Facebook<\/p>\n","protected":false},"author":1,"featured_media":0,"parent":0,"menu_order":0,"comment_status":"closed","ping_status":"closed","template":"","meta":{"footnotes":""},"class_list":["post-128","page","type-page","status-publish","hentry"],"_links":{"self":[{"href":"https:\/\/www.asuatun.com\/index.php\/wp-json\/wp\/v2\/pages\/128","targetHints":{"allow":["GET"]}}],"collection":[{"href":"https:\/\/www.asuatun.com\/index.php\/wp-json\/wp\/v2\/pages"}],"about":[{"href":"https:\/\/www.asuatun.com\/index.php\/wp-json\/wp\/v2\/types\/page"}],"author":[{"embeddable":true,"href":"https:\/\/www.asuatun.com\/index.php\/wp-json\/wp\/v2\/users\/1"}],"replies":[{"embeddable":true,"href":"https:\/\/www.asuatun.com\/index.php\/wp-json\/wp\/v2\/comments?post=128"}],"version-history":[{"count":9,"href":"https:\/\/www.asuatun.com\/index.php\/wp-json\/wp\/v2\/pages\/128\/revisions"}],"predecessor-version":[{"id":292,"href":"https:\/\/www.asuatun.com\/index.php\/wp-json\/wp\/v2\/pages\/128\/revisions\/292"}],"wp:attachment":[{"href":"https:\/\/www.asuatun.com\/index.php\/wp-json\/wp\/v2\/media?parent=128"}],"curies":[{"name":"wp","href":"https:\/\/api.w.org\/{rel}","templated":true}]}}